se 15?
c9262
-90ae (base 15) to base 16
-774b
Convert 1730370 (base 11) to base 16.
2ce931
What is 33310064 (base 7) in base 4?
22332100130
Convert 344302411 (base 5) to base 7.
16142132
-45031020 (base 6) to base 16
-14b554
27022 (base 10) to base 12
1377a
What is -1294f7 (base 16) in base 4?
-10221103313
Convert 121413034 (base 6) to base 8.
10661556
-a447c (base 16) to base 13
-1a737c
What is 101101000110110101100100 (base 2) in base 15?
108883e
What is -112111100102 (base 3) in base 8?
-1055155
What is -96528 (base 10) in base 6?
-2022520
What is -320456 (base 7) in base 11?
-38739
4567647 (base 8) to base 7
13356034
4233244 (base 5) to base 3
10121111101
What is 10232113 (base 5) in base 3?
11101200221
-134681 (base 10) to base 7
-1100441
-1130323020 (base 4) to base 9
-640086
-101112210200110 (base 3) to base 5
-2413341104
What is 11100110001110110000111 (base 2) in base 13?
1741b30
What is 33213162 (base 7) in base 10?
2860713
Convert 23123 (base 5) to base 13.
9ac
What is -25351 (base 15) in base 7?
-1003402
What is -25014122 (base 6) in base 7?
-6521561
What is -345335502 (base 6) in base 4?
-120133131332
What is -1012323 (base 5) in base 16?
-40cc
Convert -128732 (base 11) to base 12.
-9899b
122444100 (base 5) to base 3
1010011100001
What is 172343 (base 16) in base 14?
2b6871
Convert 104406 (base 8) to base 7.
204161
-d6066 (base 16) to base 9
-1575471
What is -1311122012 (base 4) in base 11?
-2a9344
22674 (base 9) to base 8
35435
Convert -4136521 (base 8) to base 13.
-2c544a
What is 9849b6 (base 15) in base 7?
115444545
Convert -923428 (base 10) to base 7.
-10564132
Convert 18bc1 (base 16) to base 12.
4a769
Convert 4bd5b (base 15) to base 4.
323033030
-1100110000010010100 (base 2) to base 3
-210020022021
Convert 1253058 (base 9) to base 15.
d7c8e
What is 7400838 (base 9) in base 2?
1111000110000011100110
What is -374855 (base 10) in base 2?
-1011011100001000111
3273490 (base 10) to base 3
20011022101101
9c817 (base 14) to base 6
12052245
What is 21078 (base 15) in base 10?
104738
-33311120 (base 4) to base 14
-198c8
What is -5a6a4 (base 15) in base 3?
-112122120201
What is -110001011110100000001010 (base 2) in base 9?
-26357434
-c198a6 (base 14) to base 10
-6518714
403330342 (base 5) to base 12
661b02
What is 13b1b5 (base 15) in base 3?
1210012110122
Convert -1215405 (base 9) to base 12.
-279ba2
What is 641255 (base 10) in base 6?
21424435
What is 20705 (base 15) in base 7?
605540
What is -873267 (base 14) in base 11?
-2649206
9971 (base 15) to base 13
11a46
Convert -244a6c3 (base 13) to base 9.
-23186005
What is -305550 (base 11) in base 2?
-1110111101111100100
-63435600 (base 7) to base 12
-1970019
Convert 111001011101100101111 (base 2) to base 14.
3702ab
-136928 (base 11) to base 6
-4331035
12230301 (base 4) to base 3
1101122100
-13331450 (base 6) to base 8
-1552026
-1474710 (base 8) to base 6
-13032440
Convert -17231548 (base 10) to base 15.
-17a599d
Convert 6496a (base 11) to base 13.
33c27
What is -429963 (base 11) in base 10?
-686623
Convert -4321023 (base 5) to base 3.
-10201111110
What is -18586c6 (base 13) in base 15?
-a7320a
Convert -4bb44 (base 15) to base 14.
-64376
Convert 1a2233 (base 12) to base 5.
104204400
-10112021 (base 6) to base 3
-112201001111
-100312213311 (base 4) to base 7
-52360401
-c2ba9 (base 16) to base 13
-21c077
-1f02cd (base 16) to base 5
-1010013313
Convert -551443510 (base 6) to base 10.
-9881538
21011001112 (base 3) to base 11
96814
What is 1313473 (base 12) in base 9?
7058416
What is 16ea8 (base 15) in base 6?
1331235
473577 (base 8) to base 4
213131333
What is 683c98 (base 16) in base 14?
c9b74c
What is -10123123204 (base 5) in base 7?
-154044160
19666 (base 14) to base 10
64378
120113222 (base 4) to base 14
2853c
What is -352a4a (base 12) in base 10?
-855130
Convert 24411432 (base 6) to base 14.
163dc8
What is 639926 (base 12) in base 6?
53410050
What is -5454205 (base 6) in base 4?
-1002112331
What is 11010000010101100 (base 2) in base 4?
122002230
What is -9259d8 (base 16) in base 3?
-200001021201201
What is 10234042033 (base 5) in base 8?
51300466
Convert -7b27 (base 12) to base 16.
-358f
-23a1c7 (base 14) to base 10
-1218707
What is -20a265 (base 11) in base 10?
-335725
Convert 77414402 (base 8) to base 3.
1011100000222222
-532431 (base 6) to base 4
-22211203
14647125 (base 8) to base 9
6284287
What is 450124 (base 13) in base 15?
222651
521444 (base 6) to base 15
c60a
What is -230223526 (base 7) in base 3?
-222102022011211
2502220 (base 9) to base 12
556a99
-53231400 (base 7) to base 3
-22111020022210
Convert -152023224 (base 6) to base 4.
-30013120000
-221221100 (base 3) to base 10
-18909
Convert 2012211202201 (base 3) to base 5.
300143034
-1000331113 (base 4) to base 11
-1719a3
Convert -2102122222202 (base 3) to base 4.
-10323203132
-131212204 (base 5) to base 13
-198b21
Convert 116a0 (base 14) to base 16.
a5ec
Convert 13612177 (base 9) to base 14.
c76272
What is -27860 (base 9) in base 16?
-49ef
What is -28ffe4 (base 16) in base 5?
-1141440243
Convert -3b0dd3 (base 16) to base 3.
-21021121212101
Convert -15424241 (base 6) to base 10.
-547873
-11a624 (base 14) to base 5
-123324023
287873 (base 14) to base 6
50031153
What is 2a91b2 (base 12) in base 14?
14a9b8
1110110011000110 (base 2) to base 3
10002010222
What is 22043015 (base 6) in base 2?
10100000111001010011
What is -532109 (base 10) in base 16?
-81e8d
What is 128673 (base 10) in base 3?
20112111200
7074 (base 10) to base 2
1101110100010
Convert b47483 (base 14) to base 5.
3024333320
Convert -215587 (base 11) to base 7.
-2632126
-130314500 (base 6) to base 5
-1122420332
Convert 546756 (base 9) to base 4.
1033231101
-73b1b (base 12) to base 8
-450607
Convert c946 (base 15) to base 11.
29aaa
Convert 5857b (base 12) to base 8.
347057
What is -11100000010101011101 (base 2) in base 11?
-578403
What is 16781b1 (base 14) in base 10?
11047695
What is -120021210011 (base 3) in base 12?
-126187
111131320 (base 5) to base 9
825523
What is 323126 (base 7) in base 15?
11a4b
What is 2201011121212 (base 3) in base 10?
1440230
101121222020 (base 3) to base 6
4252310
Convert 357371 (base 8) to base 15.
264e7
What is -43356556 (base 7) in base 9?
-6876671
-4214244333 (base 5) to base 13
-1a71ac9
What is -625027 (base 8) in base 2?
-110010101000010111
Convert -9188100 (base 11) to base 13.
-3494931
What is -2a932 (base 11) in base 3?
-2012222010
What is 32221211312 (base 4) in base 2?
1110101001100101110110
-2164842 (base 13) to base 3
-201012112122110
-10211111021220 (base 3) to base 13
-564264
Convert -1203121310 (base 4) to base 7.
-3314021
What is 73910 (base 11) in base 14?
2b2c4
What is 2cdd12 (base 15) in base 3?
11002101212222
Convert 102301321032 (base 4) to base 13.
10349c1
Convert 1a444 (base 15) to base 4.
110311123
What is 18728 (base 12) in base 15?
a835
Convert -21012230000 (base 4) to base 14.
-461ada
647041 (base 9) to base 11
243847
Convert -1aa1a5 (base 11) to base 13.
-b315b
8409 (base 11) to base 8
25605
What is -6490aa (base 13) in base 10?
-2361915
1ad7e1 (base 15) to base 10
1311286
-330301032 (base 4) to base 5
-30431120
3102120020 (base 4) to base 11
539458
Convert -8212802 (base 10) to base 4.
-133111011002
-283ce3 (base 16) to base 13
-714393
Convert 114431334 (base 6) to base 12.
89254a
What is 11445302 (base 7) in base 5?
230114023
Convert -365a0b (base 14) to base 8.
-7060113
Convert -10559 (base 16) to base 3.
-10101202222
What is -10000011100101010101 (base 2) in base 5?
-114221330
Convert -7b476 (base 12) to base 15.
-33c86
What is -111104344 (base 5) in base 14?
-c9c43
Convert 18a047 (base 15) to base 2.
100100100100001110000
Convert 2558248 (base 9) to base 3.
2121222021122
-563652 (base 8) to base 7
-1422016
Convert -335bb (base 16) to base 15.
-424e3
-1000011001121122 (base 3) to base 16
-dc2a91
Convert 27a0 (base 13) to base 5.
140312
3530620 (base 7) to base 14
b7db7
What is -104043 (base 7) in base 5?
-1040320
-103003301 (base 4) to base 5
-4444230
-903072 (base 13) to base 9
-6263026
15866857 (base 10) to base 11
8a58006
3a9464 (base 16) to base 11
219239a
24624503 (base 7) to base 8
10371462
What is -69883 (base 16) in base 7?
-3450142
-2a2b9d (base 15) to base 8
-7605305
What is 3708039 (base 10) in ba